aluate 21 + (-25 + 3 - -23).
22
Evaluate -64 + 73 - (-1 + 0 - (-4 - 1)).
5
What is (3 - (4 + 5 - 0)) + (9 - -12)?
15
-17 - (-21 - -11) - -1
-6
What is -1 - -6 - (26 - 5 - 25)?
9
What is 0 + (-3 + 6 - -6) + -8?
1
What is the value of -4 + (13 - 4) - 14?
-9
(-1 - 1) + (8 - 16) + 14 + -5
-1
What is (-36 - (-11 + -21)) + -2 + 18?
12
Calculate (-10 - -29) + -7 + -5.
7
-12 + 43 + -12 + -11
8
What is -3 - (-17 + (6 - (-3 - -4)) + -5)?
14
Evaluate 29 + -6 + 5 - 27.
1
What is 3 + 8 + -13 + -10?
-12
What is the value of -6 - -12 - -5 - (27 - -14)?
-30
Evaluate 6 - (7 - 9) - (6 + 21).
-19
What is the value of 0 - (-1 - 1) - (-277 - -293)?
-14
What is the value of -6 + (24 - 11) + -9?
-2
What is the value of (-2377 - -2382) + (1 - 1 - 20) + 1?
-14
What is the value of -23 - (-14 + 24 + -28)?
-5
What is 51 - 17 - (-44 + 63)?
15
Evaluate 1 - (-7 - -10 - (-8 + 4)).
-6
What is 10 - (2 + (25 - (-1 + 19)))?
1
What is the value of -14 + (-15 - -2) + (-2 - -1 - -8)?
-20
Calculate -164 + 163 + (-1 - -8) + (-1 - -9).
14
What is the value of -114 + 133 - (2 - -6)?
11
-1 + -1 - (-17 + 31 - 10)
-6
Evaluate 260 + -259 + -15 + 3.
-11
-7 - -2 - (-4 - (1 + 7)) - 1
6
Evaluate 2 - (17 + ((9 - -10) + -7 - 12)).
-15
Calculate ((-4 - -5) + -1 - (2 + 0)) + -5.
-7
Evaluate (1 - -5) + (0 - 2) + (-27 - -25).
2
Calculate 20 + -6 + 6 + -10 - 4.
6
-4 + (20 + 9 - 1)
24
What is (2 - 25 - -11 - 1) + -8?
-21
Calculate 37 + -38 + 0 + -7.
-8
What is the value of (-12 - (-10 + 6)) + 5 + -6?
-9
What is -9 + 11 + 9 + -15 + -17?
-21
What is -11 - (19 - 50) - 20?
0
What is the value of (-7 - 11) + 15 + 7 + -25?
-21
What is (1 - -7) + (-145 - -143) + 6 + 0?
12
What is the value of (-1 - 3) + -4 + (14 - 15)?
-9
Calculate (-1 + 0 + -11 - 3) + 79 + -80.
-16
Evaluate (0 - 2 - (32 - 39)) + -7 + 19.
17
Evaluate 11 + (34 - 46 - (-2 - 5)).
6
What is the value of 1 - (8 + 2) - 2 - -15?
4
What is the value of -16 - (-2 + 4 + 13) - 6?
-37
What is the value of 6 - (-7 + 10 + 17 + (-1 - 6))?
-7
Evaluate (10 + 16 - 12) + -2 - 26.
-14
What is the value of -36 - (-7 - 18) - (-3 + 3 + -3)?
-8
Evaluate 1 - (1 + (-17 - -7) + 4).
6
Evaluate 9 + (8 - (24 + 16 + -3)).
-20
What is -1 - (-1 + 4 - 0 - (-7 - -15))?
4
Calculate -49 + 34 + (12 - (40 - 9)).
-34
What is -3 - (13 - 21 - (-14 - 0))?
-9
What is the value of -10 + (4 + -8 - 3) + -11 + 10?
-18
Evaluate 8 + -1 + (-12 - (-14 - -16)).
-7
-36 + (-38 + 35 - -71)
32
What is -5 + -4 + -50 + 27?
-32
What is the value of 0 - 19 - (-229 - -216)?
-6
What is -3 + 10 + -12 - (-3 + -1 - 1)?
0
What is the value of (-1 + 1 - 13) + (-90 - -120)?
17
What is the value of 1 + (12 - ((7 - 14) + 16))?
4
What is (-17 + 14 - (-8 - (0 - 1))) + 1?
5
What is 7 - (26 + -40 - -11)?
10
Evaluate -10 + 1 - (-17 + (22 - 11) - 0).
-3
What is -4 - -2 - (1 - (16 + -24))?
-11
What is 0 - -1 - (7 + 7 - (-5 + 5))?
-13
Calculate (1 - (-2 - 9)) + (-65 - -64).
11
What is 32 + -13 + (-1 + 2 - 8)?
12
What is the value of (-3 - (-3 - (-5 + -8))) + 4?
-9
0 - (-3 + 4) - -18
17
26 + (39 + -43 - (8 - 0))
14
What is the value of (59 - 43 - (11 - 2)) + -16?
-9
Evaluate 6 + (0 + -12 - (-24 + 56 - 51)).
13
What is -50 + 67 + (1 - 18)?
0
What is the value of 26 + -20 - (-4 + (2 - (-2 - -2)))?
8
Evaluate (7 - (1 - 2)) + 0 + 5 + 3.
16
What is the value of -10 - (-21 + 54 + -9) - (-1 + -7)?
-26
Evaluate 10 - (18 - 52) - 30.
14
Calculate -8 - (1 - -22 - 27).
-4
What is (-38 - (-4 - 16)) + 8?
-10
(1 - (36 + 4)) + (251 - 251)
-39
What is the value of -230 + 254 - (-1 - -19)?
6
What is -82 + 67 + 5 + 1?
-9
Evaluate 2 + 1 - (-1 - -2 - (31 - 28)).
5
(-23 - -45) + 31 - 29
24
What is the value of -3 - (-6 - (-9 - -9))?
3
(14 - (12 + 2)) + (1 - 6)
-5
Calculate -31 - (-39 - (-4 - 8)).
-4
What is (16 - -1) + 17 + 1 + 201 + -212?
24
What is the value of 3 - 12 - 5 - -23?
9
What is -7 - (-4 + 1) - (18 + -9)?
-13
Evaluate (-10 - -34) + (20 - 33) - -6.
17
1 + -2 + 3 + -1 - (21 + -2)
-18
22 - (7 - (5 + 8 + 4 + -12))
20
Calculate (0 - 12) + 304 + -294.
-2
Calculate (1 - 0) + (-2 - (-4 - -7)).
-4
Evaluate (15 - 0) + -11 + -28 + -14.
-38
-17 - ((-8 - 6) + 0 + 6)
-9
Evaluate 23 + 5 + -2 + (-17 - -51 - 43).
17
What is the value of (15 - (30 + -10)) + 20 + -7 + 11?
19
Calculate (-16 - -2) + (261 - 258).
-11
Evaluate 11 - (3 - (-20 + 20)).
8
Calculate -4 + 6 + (37 - 19) + 7 + -2.
25
What is the value of 4 + (6 + -8 - 6) - -13?
9
What is the value of 7 + 1 + (3 - (-6 - -11))?
6
Calculate -7 - -2 - 16 - -38 - -10.
27
(5 - (-7 + (-17 - -10) + 15)) + 10
14
Calculate -6 + 0 - (0 + 0 + -77 + 71).
0
Evaluate 2 + (1 - (-1 + -4)) + (-33 - -4).
-21
Calculate -2 + -2 + -1 + (0 - 1) - -3.
-3
Calculate (39 + -40 - -38) + -34.
3
What is the value of (-7 - (-4 + 6) - -10) + -8?
-7
(7 - (-3 + (-3 - -1))) + -10
2
5 - (32 + 11 + -13 + -13)
-12
Evaluate -15 + -75 + 47 + 4.
-39
Calculate 5 + -22 + 10 - 6 - -4 - -25.
16
Calculate -4 - (32 - (2 + 7)).
-27
What is the value of 15 + 23 + -16 + -1 + 6?
27
Calculate (5 - -2) + -4 + (14 - 36) + 2.
-17
-18 + 35 - (31 + 0)
-14
Calculate -16 + 24 + -13 - -1.
-4
127 + -139 - (-1 - 3)
-8
Evaluate -20 + 1 + 10 - -21.
12
What is the value of 7 + (6 - 21) + (5 - (6 + 18))?
-27
-30 + (28 - 8) + 17
7
What is the value of -60 + 24 - -8 - 8?
-36
What is the value of 12 - (7 - (6 - -6) - -8)?
9
What is 7 + (14 - 16) - 10?
-5
Calculate (8 - (10 + 2)) + 12 - -2.
10
Evaluate (12 - 7) + 9 + -11 + 2 + 0.
5
Calculate -16 + 10 - 6 - (-20 - -37).
-29
What is (54 - (122 + -60)) + (1 - (-19 - -1))?
11
Evaluate -16 - -6 - -13 - -4.
7
Calculate (-23 - (3 + -7)) + 4 - -2.
-13
Evaluate -1 + 0 + 5 - ((12 - 3) + 18).
-23
-21 + (-7 - 0 - (19 + -35))
-12
What is (-1 - 13) + (242 - 233)?
-5
Evaluate (-2 - (20 - 14)) + -17.
-25
What is -2 - (5 + -14 + 11)?
-4
Calculate (-21 - (4 - 6)) + -12 + 18 + -4.
-17
Calculate -9 + -13 + (11 - (-11 - -7)).
-7
-35 - (25 + (-5 - 11) + (-1 - 16))
-27
Calculate -2 + -1 + 2 + 3 - 8.
-6
What is 1 + 1 - (1 - (13 + -6))?
8
Calculate -37 - (1 + 16 + -21).
-33
-3 + 0 - (-3 - (21 + -36))
-15
Evaluate 9 - (3 - (-22 + 5)).
-11
What is the value of 206 - 202 - ((3 - 0) + 0)?
1
Evaluate -25 + 18 + -1 + 5 + -13.
-16
Calculate -9965 + 9983 - ((-2 - -1 - 0) + 4).
15
(12 - 27 - -18) + (0 - -3)
6
What is 17 + (12 - 24) + (0 - 8)?
-3
What is the value of -8 + 18 + -6 + 3 + -1?
6
What is 3 + (-12 - (5 + -5 + (3 - 4)))?
-8
What is the value of -22 + (-1 - (18 - 28))?
-13
What is the value of 5 + 8 + -16 + 6 + 0 + 5?
8
Calculate (-2 - -2) + 23 + -27 - 0.
-4
Calculate -1 + -3 + -59 + 81.
18
What is the value of (-34 - -14) + -1 - -16?
-5
-6 + (-43 - -44) + (20 - 1) + 1
15
Evaluate -8 + (5 - 3) - -11.
5
Calculate 12 + 3 + -19 + 7 + -11.
-8
9 + (4 + -3 - -3) + -26
-13
Evaluate -3 - ((-5 - -7) + (-26 - -6)).
15
Calculate -9 + 2 + -25 - (-22 - -14).
-24
What is the value of 10 + 11 + -5 + (4 - 1)?
19
Evaluate 5 + 1 + -21 + 3 + 3.
-9
Calculate -15 + (-17 - (-8 - 1)) + -3.
-26
What is -1 + -15 - (969 + -1015)?
30
What is the value of 24 + -1 + (679 - 703)?
-1
What is -1 - -20 - (8 - (-6 + 9)) - -4?
18
-9 + 7 + -1 - (-5 - -34)
-32
21 + -25 + (-4 - -21)
13
What is (3 + -5 - 11 - -9) + (-3 - -3)?
-4
What is the value of 37 - 51 - (15 - 12)?
-17
(1 - 1 - (12 + -30)) + -9 + 6
15
What is the value of -69 + -11 + 62 - (-3 + -1 + 1)?
-15
(0 - 2) + -3 - (-41 + 32)
4
3 + -3 + 16 - (22 + -2 - 11)
7
Calculate 3 - (-9 + 7 + 19 - 9).
-5
Calculate -1 + (34 - 0 - 17).
16
Evaluate 26 + -20 + 40 + -73.
-27
Evaluate (-16 - (6 + (-3 - 2) - 5)) + 2.
-10
What is 40 + -64 + -1 + 7?
-18
Evaluate 9 + 0 + 6 + -1 + (111 - 102).
23
What is the value of -10 - (-1 + 0 - (25 - 23)) - -9?
2
What is the value of 9 + (11 + -1 - (66 - 58))?
11
12 + -16 + (-5 - -22) - -5 - -4
22
Evaluate -5 + 0 - (5 + -1 - (-19 - -19)).
-9
Evaluate (-4 - -1) + (-806 - -795).
-14
Calculate (6 - (7 + -3)) + (-4 - -10) + -26.
-18
What is the value of 29 - (-18 + 0 + 7 + (1 - -3))?
36
What is -16 + (5 + (7 - 1 - 13) - -7)?
-11
What is the value of 1 + -2 + (-12 - -30) - (5 + 3)?
9
What is the value of -5 - 0 - (-61 + 42)?
14
Calculate 3 + ((6 - 1) + -9 - -6).
5
Evaluate -2 + 0 + 5 + -7 - -2 - -7.
5
What is 0 + 1 + (-1 + -1 - (-17 - 1))?
17
What is the value of 19 - (-13 - (-22 - 12))?
-2
Calculate 1 + (10 - (8 - 3)) + 0 + -14.
-8
What is the value of (-104 - -99) + (0 - -1)?
-4
Evaluate 17 + -